False
Suppose 249860 - 99012 = 32*j. Is j composite?
True
Let l = -356 + 750. Let h be (-1 - (-6 + 2)) + -146. Let v = l + h. Is v a composite number?
False
Let b(k) = 214*k**3 - k**2 - 2*k - 46. Is b(5) composite?
False
Is 411*(12 - 7) - (5 + -1) prime?
False
Suppose 5*b - 4 = -4*c, 3*b - 5 = -0*c - 5*c. Let l(g) = 347*g**2 - g + 1. Is l(c) a prime number?
True
Let b = 1252 - 629. Is b composite?
True
Let z(r) = -11 + 1 - 3*r - 17*r - 3. Is z(-3) a composite number?
False
Let m(w) be the second derivative of 13*w**6/144 + w**5/60 + 3*w**4/4 - 8*w. Let y(d) be the third derivative of m(d). Is y(1) a composite number?
False
Suppose -2*f + 788 = -t - t, 0 = 2*t - 2. Is 2*2 - (4/1 - f) a composite number?
True
Let u = 15 + -12. Suppose 0 = u*g + 2*j - 8, -3*g + 2*j = 7 + 1. Suppose -3*n - 2 + 359 = g. Is n a composite number?
True
Let f(t) = -67*t - 13. Let n = 83 + -105. Is f(n) a prime number?
False
Let c(k) = -1 + 0 - 2*k + 7*k**2 - 1. Let i be c(-2). Suppose -2*x = 3*g - i, 5*x - 42 = -4*g + 47. Is x a prime number?
False
Suppose -662868 = -13*u - 5*u. Is u a composite number?
True
Let h(b) = 1. Let o(w) = 61*w - 37. Let i(t) = -3*h(t) + o(t). Is i(17) a composite number?
False
Let r(t) = t**3 + 3*t**2 + 2*t + 2. Let m(g) = -3*g**3 - 12*g**2 - 9*g - 9. Let y(u) = 2*m(u) + 9*r(u). Let c be y(3). Suppose c + 337 = 5*o. Is o prime?
True
Let n = 339 - 161. Is n a prime number?
False
Let z(u) = u**2 - 5*u + 7. Let a(x) = -x**3 + 6*x**2 + 6*x + 9. Let r be a(7). Suppose j + 2*l = r, -4*l - 4 = j + l. Is z(j) a composite number?
False
Let q(u) = u**2 + 8*u + 7. Let m be q(-7). Let c be -2317*(8/(-28) + 0). Suppose -5*h + 4627 - c = m. Is h a composite number?
True
Let h(p) = -p**3 - 4*p**2 - 7. Let x be h(-4). Let n(y) = -2*y**3 - 5*y**2 + 13*y + 21. Is n(x) composite?
True
Suppose 0 = -2*m - 2*m + 20. Suppose -m = -5*d, 0 = -2*f - 2*d - 1205 + 4205. Is f prime?
True
Let m(j) be the third derivative of 0*j - 3*j**2 - 5/3*j**3 + 1/24*j**4 + 1/30*j**5 + 0. Is m(-5) prime?
False
Let v(r) = 10*r**2 - 6*r**2 - 3 + 2*r + 0 - r**3. Let a be v(4). Suppose -4*t = -a*g + 819, g - 5*t - 820 = -4*g. Is g a prime number?
True
Suppose 7*d + 0*d + 49840 = 0. Is d/(-10) - (7 - 2) composite?
True
Let t = -36 + 40. Suppose y + t*x = 3*y - 3030, -2*x - 4 = 0. Is y prime?
True
Suppose -2*g - 3*j + 7196 = 2158, -j = -4*g + 10048. Is g a composite number?
True
Suppose 3*c - 5*y = -99, -66 = 2*c + 3*y - 2*y. Let a = -17 - c. Let t = a - -17. Is t prime?
False
Suppose 0 = -3*x - 4*b - 29, 3*b - 4 = -2*x + 5*b. Is -257*x/((-12)/(-4)) composite?
False
Let w(a) = -a**3 + 11*a**2 + 4*a + 13. Let d be w(10). Suppose j - 178 = d. Is j prime?
True
Let m be 569/(-4) - 8/(-32). Let x = m + 413. Suppose -x + 1672 = 3*w. Is w a prime number?
True
Suppose 5*y + 1285121 = 52*y. Is y prime?
False
Suppose 73 = -5*v + 13. Is v*(-123)/(-24)*-2 a prime number?
False
Suppose 7*v + 2682 = 10*v. Suppose -15*p + v = -12*p. Is p a composite number?
True
Suppose 4*q = 3*o + 15, 4*q - 2*o - 3*o = 17. Suppose -5*g = -2*d + q*d - 148, -3*g + 261 = 2*d. Is d a composite number?
True
Suppose 75*u - 2499343 = 26*u. Is u a prime number?
False
Let l = 109 + -104. Let h(i) = 55*i + 20. Is h(l) a prime number?
False
Let g = 12563 + -6788. Suppose -q + 0*q + 2*c = -1143, 5*c - g = -5*q. Is q a composite number?
False
Let i be ((-150)/(-105))/(4/14). Suppose 0*h + 22 = n + 4*h, 0 = -5*n - i*h + 35. Suppose 0 = -3*b + n*b + 59. Is b a prime number?
True
Suppose 0 = 17*d - 12*d - 230. Let a = d - 15. Is a a composite number?
False
Let c(n) = -3*n + 3. Let j be c(-5). Let y = j + -13. Suppose 4*a + 1061 = 5*r, -y*r + 3*a + 604 + 453 = 0. Is r composite?
True
Let o(p) = -p**3 + 87. Suppose -8*d + 7*d = 0. Is o(d) a composite number?
True
Suppose 15*n - 6738 = -18543. Let y = -341 - n. Is y composite?
True
Suppose -5*b + 35*b - 68730 = 0. Is b composite?
True
Let q be (-2)/8 + (-8385)/(-20). Let h = q - 206. Is h a prime number?
False
Suppose 6 = -4*h - 3*f + 75, -5*f + 67 = 4*h. Is (-36336)/(-27) + ((-14)/h - -1) a composite number?
True
Let u(p) = 417*p**2 + 1. Let y be u(2). Let g(r) = -r + 2. Let x be g(-3). Suppose 0 = x*w + 3*n - 8*n - 1665, 0 = 5*w - 4*n - y. Is w a prime number?
True
Let l(g) = -g**3 - 19*g**2 + 63*g - 40. Is l(-27) prime?
True
Suppose -2*r - 16 = -4*z, -r = 4*z - 4*r - 12. Suppose z = 3*h - h. Suppose m = -m + h*a + 547, a + 3 = 0. Is m a composite number?
False
Suppose -112 - 361 = -3*y - 2*r, 0 = 2*y - 5*r - 328. Suppose 0 = -7*a + 4*a + y. Is a a composite number?
False
Let h(c) = 31*c + 17. Is h(32) composite?
False
Let v(u) = 29*u**2 + 5. Is v(-6) prime?
True
Let a(q) = 5*q**2 - 4*q + 1. Let l(v) = -13*v**2 - 6*v**2 + 16*v - 3 - 1. Let j(u) = -22*a(u) - 6*l(u). Is j(8) prime?
False
Let a(m) be the third derivative of -1/2*m**3 + 1/12*m**4 - 1/40*m**6 - 1/20*m**5 + 2*m**2 + 0*m + 0. Is a(-5) a composite number?
True
Let f(t) be the first derivative of -t - 9/2*t**2 - 2. Is f(-10) a composite number?
False
Let w = 26 - 30. Let j be 4*w/((-4)/1). Suppose -j*o - 5*p + 286 = 0, -122 - 20 = -2*o - 3*p. Is o composite?
True
Let i = 133 - -19. Suppose -5*b + 136 = 501. Let a = i + b. Is a a composite number?
False
Let p(d) = -d**2 - 7*d - 9. Let u be p(-4). Suppose 8*t - 9235 = u*t. Is t prime?
True
Suppose 3*a + 31 = 5*w - 0*a, -2*w - 2*a + 6 = 0. Suppose 3*l - 5*i = 192, 0 = 2*l + i - w*i - 130. Is l a prime number?
True
Let q(b) = 696*b**2 - 3*b + 68. Is q(13) a prime number?
False
Suppose -a + 471 = -69. Let h = -169 + a. Is h a composite number?
True
Suppose q - 532 = -3*q. Let s be (-4)/1 + 2 + q. Let m = 297 - s. Is m prime?
False
Let a = 6085 + -13216. Let y = -4814 - a. Is y composite?
True
Let h(x) = 21*x**2 + 8*x + 1. Is h(8) a composite number?
False
Let q = 1750 - -173. Is q a prime number?
False
Let i(r) = 4*r**2 - 2*r - 2. Let t be i(-1). Suppose -470 = t*o - 6*o. Is o a composite number?
True
Suppose -11*q = -16*q - 2*l + 71501, -3*q - 5*l = -42912. Is q a prime number?
False
Suppose 2*d - 2*l = -4*l + 21850, -2*d = -2*l - 21834. Is d composite?
True
Let u = -695 - -704. Let d(t) = -11*t**2 + 3*t**2 + 3*t**3 - 2*t**3 - 6*t - 13. Is d(u) a prime number?
False
Let h(b) = -5*b**2 - b - 10. Let i be h(-5). Is (i/25)/((-2)/5) a composite number?
False
Suppose 0 = -2*b + 2*a - 7*a + 25, 3*b + 3*a - 15 = 0. Let s(k) = k - 294. Let t be s(b). Let i = t + 497. Is i prime?
False
Let u(v) = 2*v**3 + 14*v**2 - 2*v - 9. Let i be u(-7). Suppose z = -i*w + 1519 + 1850, -3*w = z - 2023. Is w a prime number?
True
Let n(h) = -67*h - 35. Let b(c) = -34*c - 17. Let s(t) = 5*b(t) - 3*n(t). Let g be s(6). Let a = g - 100. Is a a prime number?
False
Let t(v) = -v**2 - v + 799. Suppose -c + 0*c + 5*k = 20, 0 = 2*c - 5*k + 20. Is t(c) a prime number?
False
Suppose 2*g = 8*g - 384. Let l be 1/((-1 - 0)/45). Let v = g + l. Is v prime?
True
Let c(v) = 2*v - 5. Let f(s) = -3*s + 10. Let q(i) = -13*c(i) - 6*f(i). Let j(m) = -m**2 - 8*m + 14. Let t be j(-10). Is q(t) a prime number?
True
Let o = -98 + 100. Is -2 + ((-2239)/2)/((-1)/o) a prime number?
True
Let x = 1888 - 150. Suppose n + n + 5*z - x = 0, -z + 869 = n. Is n a composite number?
True
Let p(b) = 610*b - 6*b - 10 - 101*b. Let f be p(-3). Let t = -978 - f. Is t a composite number?
False
Let m = -42 - -38. Is (68 - 0)/m*-7 a composite number?
True
Let d(n) = 262*n**3 - n**2 + 2*n - 1. Let r be d(1). Suppose g - r = 117. Is g prime?
True
Let f(q) = -q**3 + 7*q**2 + 8*q + 5. Let m be f(8). Suppose -760 = -5*s + 3*y, -m*s + 626 = y - 114. Is s a composite number?
False
Let h = -12515 + 44178. Is h prime?
True
Suppose 12*m + 2965530 = 42*m. Is m a prime number?
False
Let w be (6/(-8) + 0)/(12/528). Let b = w + 88. Is b prime?
False
Let u be (-2 - 1) + 189 + 2. Let v = -45 + u. Is v prime?
False
Let o(y) = 4*y**2 - 75*y - 21. Let i(l) = -l**2 + 19*l + 5. Let g(d) = 9*i(d) + 2*o(d). Suppose -39*s = -40*s + 10. Is g(s) composite?
False
Suppose -3*y = h + 5 - 2, 5*h + 4*y = -37. Let i(q) = q**3 + 12*q**2 + 6*q - 8. Is i(h) composite?
False
Suppose 5*y + 3*b - 24 = 0, -4 = 3*b - b. Is 6254/y + 16/24 composite?
True
Is 4 + (-2157)/(5 + -6) a composite number?
False
Suppose -2*h = 4 + 20. Let c = h + 14. Suppose c*l = 2*t - 1188, 3*t - 2374 = -t + 2*l.